, 19237
List the prime factors of 6616190.
2, 5, 7, 47, 2011
What are the prime factors of 26834747?
31, 865637
List the prime factors of 131706.
2, 3, 271
List the prime factors of 7794886.
2, 11, 354313
List the prime factors of 2258207.
7, 19, 16979
What are the prime factors of 1524699?
3, 11, 15401
What are the prime factors of 118034?
2, 7, 8431
What are the prime factors of 5199741?
3, 192583
What are the prime factors of 4427179?
1039, 4261
What are the prime factors of 7272?
2, 3, 101
What are the prime factors of 19083563?
19083563
What are the prime factors of 887129?
19, 46691
What are the prime factors of 1545868?
2, 293, 1319
List the prime factors of 9225008.
2, 13, 44351
What are the prime factors of 316261?
11, 28751
What are the prime factors of 139640?
2, 5, 3491
What are the prime factors of 26561952?
2, 3, 71, 433
What are the prime factors of 181074?
2, 3, 103, 293
What are the prime factors of 2462779?
11, 241, 929
List the prime factors of 4922645.
5, 7, 13, 31, 349
List the prime factors of 656871.
3, 347, 631
List the prime factors of 22518.
2, 3, 139
List the prime factors of 14490002.
2, 7245001
List the prime factors of 16014397.
7, 19, 347
What are the prime factors of 7476967?
223, 33529
List the prime factors of 2466315.
3, 5, 18269
What are the prime factors of 12209069?
131, 93199
What are the prime factors of 427332?
2, 3, 149, 239
What are the prime factors of 130761?
3, 29, 167
List the prime factors of 9712853.
263, 36931
What are the prime factors of 14169809?
14169809
What are the prime factors of 469932?
2, 3, 39161
What are the prime factors of 1322384?
2, 7, 11807
What are the prime factors of 749163?
3, 249721
What are the prime factors of 1641886?
2, 41, 20023
List the prime factors of 7599717.
3, 173, 1627
List the prime factors of 18103829.
23, 787123
What are the prime factors of 18473?
7, 13, 29
List the prime factors of 302323.
7, 43189
List the prime factors of 5312228.
2, 17, 78121
List the prime factors of 139279.
7, 101, 197
List the prime factors of 2842283.
2842283
List the prime factors of 58989.
3, 7, 53
What are the prime factors of 14020450?
2, 5, 280409
List the prime factors of 14830313.
43, 193, 1787
List the prime factors of 222381.
3, 24709
List the prime factors of 5470970.
2, 5, 547097
List the prime factors of 5507125.
5, 13, 3389
What are the prime factors of 482520?
2, 3, 5, 4021
What are the prime factors of 17261998?
2, 13, 51071
List the prime factors of 105814.
2, 191, 277
What are the prime factors of 463566?
2, 3, 77261
What are the prime factors of 800487?
3, 29, 3067
List the prime factors of 55381.
55381
What are the prime factors of 1737383?
17, 102199
What are the prime factors of 11196260?
2, 5, 559813
What are the prime factors of 4122540?
2, 3, 5, 37, 619
What are the prime factors of 1167392?
2, 191
What are the prime factors of 32933914?
2, 13, 109, 11621
What are the prime factors of 86551?
41, 2111
What are the prime factors of 5913298?
2, 2956649
What are the prime factors of 264907?
97, 2731
What are the prime factors of 24089189?
53, 454513
List the prime factors of 5221493.
107, 48799
What are the prime factors of 959113?
41, 149, 157
List the prime factors of 410694.
2, 3, 68449
List the prime factors of 7123179.
3, 7, 47, 1031
What are the prime factors of 1360710?
2, 3, 5, 13, 1163
List the prime factors of 916971.
3, 11, 37, 751
What are the prime factors of 810853?
810853
List the prime factors of 16764793.
113, 148361
What are the prime factors of 106825?
5, 4273
What are the prime factors of 158193?
3, 7, 31
List the prime factors of 767325.
3, 5, 13, 787
What are the prime factors of 14179220?
2, 5, 11, 64451
What are the prime factors of 3016826?
2, 1508413
What are the prime factors of 2988054?
2, 3, 19, 8737
What are the prime factors of 129770?
2, 5, 19, 683
List the prime factors of 17750290.
2, 5, 31, 57259
List the prime factors of 1563932.
2, 17, 109, 211
What are the prime factors of 214606?
2, 7, 15329
What are the prime factors of 232971?
3, 79, 983
What are the prime factors of 9357326?
2, 11, 425333
List the prime factors of 653756.
2, 353, 463
List the prime factors of 1147239.
3, 19, 6709
What are the prime factors of 1125321?
3, 23, 47, 347
What are the prime factors of 661348?
2, 101, 1637
List the prime factors of 3639191.
547, 6653
What are the prime factors of 4907090?
2, 5, 29, 16921
What are the prime factors of 4970376?
2, 3, 23011
List the prime factors of 163668.
2, 3, 23, 593
What are the prime factors of 10194684?
2, 3, 37, 22961
What are the prime factors of 9340835?
5, 7, 37, 7213
What are the prime factors of 35500675?
5, 7, 17, 11933
List the prime factors of 8833991.
409, 21599
List the prime factors of 16230258.
2, 3, 11, 81971
List the prime factors of 8845244.
2, 61, 36251
List the prime factors of 8224999.
2371, 3469
List the prime factors of 6607948.
2, 181, 9127
List the prime factors of 3643467.
3, 1214489
List the prime factors of 2509914.
2, 3, 11, 17, 2237
What are the prime factors of 1009858?
2, 504929
List the prime factors of 843475.
5, 33739
List the prime factors of 16641954.
2, 3, 7, 269, 491
List the prime factors of 2426428.
2, 606607
What are the prime factors of 6353210?
2, 5, 211, 3011
What are the prime factors of 117932?
2, 29483
What are the prime factors of 159776?
2, 4993
What are the prime factors of 199381?
7, 13, 313
List the prime factors of 222043.
222043
List the prime factors of 399223.
11, 36293
List the prime factors of 312860.
2, 5, 15643
List the prime factors of 3676247.
719, 5113
What are the prime factors of 10814360?
2, 5, 37, 7307
List the prime factors of 30004.
2, 13, 577
List the prime factors of 15178435.
5, 19, 159773
What are the prime factors of 695850?
2, 3, 5, 4639
List the prime factors of 1608154.
2, 804077
What are the prime factors of 2666266?
2, 1333133
What are the prime factors of 13199?
67, 197
List the prime factors of 3042355.
5, 608471
List the prime factors of 23809.
29, 821
What are the prime factors of 3509007?
3, 1169669
List the prime factors of 138617.
138617
What are the prime factors of 1071705?
3, 5, 37, 1931
List the prime factors of 494594.
2, 67, 3691
What are the prime factors of 304053?
3, 43, 2357
List the prime factors of 51921.
3, 641
List the prime factors of 10425223.
421, 24763
What are the prime factors of 12022953?
3, 19, 210929
What are the prime factors of 13442720?
2, 5, 84017
What are the prime factors of 2596754?
2, 71, 18287
What are the prime factors of 4200480?
2, 3, 5, 2917
List the prime factors of 17596389.
3, 193, 30391
List the prime factors of 642891.
3, 214297
What are the prime factors of 796389?
3, 11, 24133
List the prime factors of 414265.
5, 29, 2857
List the prime factors of 2740892.
2, 7, 11, 809
List the prime factors of 1815389.
1815389
What are the prime factors of 215401?
47, 4583
What are the prime factors of 470769?
3, 13, 12071
List the prime factors of 6798833.
239, 28447
What are the prime factors of 1950499?
809, 2411
What are the prime factors of 54688?
2, 1709
List the prime factors of 1041278.
2, 7, 74377
What are the prime factors of 36113?
7, 11, 67
List the prime factors of 2874175.
5, 114967
What are the prime factors of 158047?
158047
List the prime factors of 3366010.
2, 5, 463, 727
List the prime factors of 546581.
7, 113, 691
What are the prime factors of 2228380?
2, 5, 7, 11, 1447
What are the prime factors of 734504?
2, 91813
What are the prime factors of 474224?
2, 107, 277
List the prime factors of 26173130.
2, 5, 2617313
What are the prime factors of 126953?
79, 1607
List the prime factors of 157384.
2, 103, 191
What are the prime factors of 10380010?
2, 5, 1038001
What are the prime factors of 515123?
7, 73589
List the prime factors of 9625475.
5, 521, 739
List the prime factors of 28736412.
2, 3, 499, 4799
What are the prime factors of 14865424?
2, 7, 67, 283
What are the prime factors of 401892?
2, 3, 107, 313
List the prime factors of 5432361.
3, 11, 164617
List the prime factors of 4819938.
2, 3, 803323
What are the prime factors of 149001?
3, 49667
List the prime factors of 315359.
11, 28669
What are the prime factors of 135844?
2, 33961
What are the prime factors of 12980